{"id":111,"date":"2020-12-29T18:17:50","date_gmt":"2020-12-30T00:17:50","guid":{"rendered":"http:\/\/wordpress.algarabiacentrodedia.org.mx\/?page_id=111"},"modified":"2021-01-28T20:48:42","modified_gmt":"2021-01-29T02:48:42","slug":"10-razones-para-apoyar","status":"publish","type":"page","link":"https:\/\/wordpress.algarabiacentrodedia.org.mx\/index.php\/10-razones-para-apoyar\/","title":{"rendered":"10 razones para apoyar"},"content":{"rendered":"\n<p>1. <span style=\"color:#9ccb3b\" class=\"has-inline-color\"><strong>Porque son seres humanos como nosotros:<\/strong><\/span> sienten, tienen anhelos, necesitan amar y ser amados, requieren ser respetados y sentirse productivos y reconocidos, tienen derecho a tener una vida de calidad presente y futura como la tuya y la m\u00eda.<\/p>\n\n\n\n<p>2. <strong><span style=\"color:#9ccb3b\" class=\"has-inline-color\">Porque son personas que pueden integrarse a la comunidad si les brindamos los apoyos que necesitan<\/span><\/strong>, si les tendemos una mano para que puedan acercarse lo que desean, si les damos estructura para que realicen un proceso paso a paso, si les otorgamos el refuerzo social que necesitan como motivaci\u00f3n, si nos convertimos en su voz para expresar a otras personas lo que piensan y quieren.<\/p>\n\n\n\n<p>3. <strong><span style=\"color:#9ccb3b\" class=\"has-inline-color\">Porque nos han demostrado<\/span><\/strong> constantemente que aprenden y son m\u00e1s conscientes de lo que creemos de lo que sucede a su alrededor.<\/p>\n\n\n\n<p>4. <strong><span style=\"color:#9ccb3b\" class=\"has-inline-color\">Porque podemos aprender de ellos a disfrutar la vida<\/span><\/strong> aunque se tengan muchos retos continuamente; a vivir el mundo de las peque\u00f1eces y las cosas sencillas, y a ser felices sin grandes posesiones.<\/p>\n\n\n\n<p>5. <strong><span style=\"color:#9ccb3b\" class=\"has-inline-color\">Porque la discapacidad no es responsabilidad s\u00f3lo de la familia o la persona que la vive, sino que es compromiso de todos<\/span><\/strong>; se requiere que la sociedad y el Estado brinden soporte y apoyo.<\/p>\n\n\n\n<p>6. <strong><span style=\"color:#9ccb3b\" class=\"has-inline-color\">Porque tener discapacidad intelectual es aprender con ritmos diferentes y relacionarse de manera diversa<\/span><\/strong>, no significa valer menos.<\/p>\n\n\n\n<p>7. <strong><span style=\"color:#9ccb3b\" class=\"has-inline-color\">Porque apoyarlos significa<\/span><\/strong> \u201ccompartir lo que tenemos\u201d y no \u201cdar lo que nos sobra\u201d.<\/p>\n\n\n\n<p>8. <strong><span style=\"color:#9ccb3b\" class=\"has-inline-color\">Porque merecen que los tratemos con justicia, respeto y cari\u00f1o<\/span><\/strong>, y no con l\u00e1stima o compasi\u00f3n.<\/p>\n\n\n\n<p>9. <strong><span style=\"color:#9ccb3b\" class=\"has-inline-color\">Porque en el encuentro nos enriquecemos;<\/span><\/strong> en la apertura y aceptaci\u00f3n generamos la posibilidad de crecimiento y de convertirnos en seres humanos m\u00e1s completos e integrados en una sociedad m\u00e1s justa e incluyente <\/p>\n\n\n\n<p>10. Porque ante la discapacidad, <strong><span style=\"color:#9ccb3b\" class=\"has-inline-color\">TU ACTITUD ES LO QUE CUENTA<\/span><\/strong><\/p>\n\n\n\n<div class=\"wp-block-image\"><figure class=\"aligncenter size-large\"><img loading=\"lazy\" width=\"1000\" height=\"666\" src=\"https:\/\/wordpress.algarabiacentrodedia.org.mx\/wp-content\/uploads\/2021\/01\/MAZ21_1000-2.png\" alt=\"\" class=\"wp-image-423\" srcset=\"https:\/\/wordpress.algarabiacentrodedia.org.mx\/wp-content\/uploads\/2021\/01\/MAZ21_1000-2.png 1000w, https:\/\/wordpress.algarabiacentrodedia.org.mx\/wp-content\/uploads\/2021\/01\/MAZ21_1000-2-300x200.png 300w, https:\/\/wordpress.algarabiacentrodedia.org.mx\/wp-content\/uploads\/2021\/01\/MAZ21_1000-2-768x511.png 768w\" sizes=\"(max-width: 1000px) 100vw, 1000px\" \/><\/figure><\/div>\n","protected":false},"excerpt":{"rendered":"<p>1. Porque son seres humanos como nosotros: sienten, tienen anhelos, necesitan amar y ser amados, requieren ser respetados y sentirse productivos y reconocidos, tienen derecho a tener una vida de calidad presente y futura como la tuya y la m\u00eda. 2. Porque son personas que pueden integrarse a la comunidad si les brindamos los apoyos que necesitan, si les tendemos &hellip; <\/p>\n","protected":false},"author":1,"featured_media":0,"parent":0,"menu_order":0,"comment_status":"closed","ping_status":"closed","template":"","meta":{"spay_email":""},"_links":{"self":[{"href":"https:\/\/wordpress.algarabiacentrodedia.org.mx\/index.php\/wp-json\/wp\/v2\/pages\/111"}],"collection":[{"href":"https:\/\/wordpress.algarabiacentrodedia.org.mx\/index.php\/wp-json\/wp\/v2\/pages"}],"about":[{"href":"https:\/\/wordpress.algarabiacentrodedia.org.mx\/index.php\/wp-json\/wp\/v2\/types\/page"}],"author":[{"embeddable":true,"href":"https:\/\/wordpress.algarabiacentrodedia.org.mx\/index.php\/wp-json\/wp\/v2\/users\/1"}],"replies":[{"embeddable":true,"href":"https:\/\/wordpress.algarabiacentrodedia.org.mx\/index.php\/wp-json\/wp\/v2\/comments?post=111"}],"version-history":[{"count":3,"href":"https:\/\/wordpress.algarabiacentrodedia.org.mx\/index.php\/wp-json\/wp\/v2\/pages\/111\/revisions"}],"predecessor-version":[{"id":424,"href":"https:\/\/wordpress.algarabiacentrodedia.org.mx\/index.php\/wp-json\/wp\/v2\/pages\/111\/revisions\/424"}],"wp:attachment":[{"href":"https:\/\/wordpress.algarabiacentrodedia.org.mx\/index.php\/wp-json\/wp\/v2\/media?parent=111"}],"curies":[{"name":"wp","href":"https:\/\/api.w.org\/{rel}","templated":true}]}}

<p>1. <span style="color:#9ccb3b" class="has-inline-color"><strong>Porque son seres humanos como nosotros:</strong></span> sienten, tienen anhelos, necesitan amar y ser amados, requieren ser respetados y sentirse productivos y reconocidos, tienen derecho a tener una vida de calidad presente y futura como la tuya y la mía.</p>



<p>2. <strong><span style="color:#9ccb3b" class="has-inline-color">Porque son personas que pueden integrarse a la comunidad si les brindamos los apoyos que necesitan</span></strong>, si les tendemos una mano para que puedan acercarse lo que desean, si les damos estructura para que realicen un proceso paso a paso, si les otorgamos el refuerzo social que necesitan como motivación, si nos convertimos en su voz para expresar a otras personas lo que piensan y quieren.</p>



<p>3. <strong><span style="color:#9ccb3b" class="has-inline-color">Porque nos han demostrado</span></strong> constantemente que aprenden y son más conscientes de lo que creemos de lo que sucede a su alrededor.</p>



<p>4. <strong><span style="color:#9ccb3b" class="has-inline-color">Porque podemos aprender de ellos a disfrutar la vida</span></strong> aunque se tengan muchos retos continuamente; a vivir el mundo de las pequeñeces y las cosas sencillas, y a ser felices sin grandes posesiones.</p>



<p>5. <strong><span style="color:#9ccb3b" class="has-inline-color">Porque la discapacidad no es responsabilidad sólo de la familia o la persona que la vive, sino que es compromiso de todos</span></strong>; se requiere que la sociedad y el Estado brinden soporte y apoyo.</p>



<p>6. <strong><span style="color:#9ccb3b" class="has-inline-color">Porque tener discapacidad intelectual es aprender con ritmos diferentes y relacionarse de manera diversa</span></strong>, no significa valer menos.</p>



<p>7. <strong><span style="color:#9ccb3b" class="has-inline-color">Porque apoyarlos significa</span></strong> “compartir lo que tenemos” y no “dar lo que nos sobra”.</p>



<p>8. <strong><span style="color:#9ccb3b" class="has-inline-color">Porque merecen que los tratemos con justicia, respeto y cariño</span></strong>, y no con lástima o compasión.</p>



<p>9. <strong><span style="color:#9ccb3b" class="has-inline-color">Porque en el encuentro nos enriquecemos;</span></strong> en la apertura y aceptación generamos la posibilidad de crecimiento y de convertirnos en seres humanos más completos e integrados en una sociedad más justa e incluyente </p>



<p>10. Porque ante la discapacidad, <strong><span style="color:#9ccb3b" class="has-inline-color">TU ACTITUD ES LO QUE CUENTA</span></strong></p>



<div class="wp-block-image"><figure class="aligncenter size-large"><img loading="lazy" width="1000" height="666" src="https://wordpress.algarabiacentrodedia.org.mx/wp-content/uploads/2021/01/MAZ21_1000-2.png" alt="" class="wp-image-423" srcset="https://wordpress.algarabiacentrodedia.org.mx/wp-content/uploads/2021/01/MAZ21_1000-2.png 1000w, https://wordpress.algarabiacentrodedia.org.mx/wp-content/uploads/2021/01/MAZ21_1000-2-300x200.png 300w, https://wordpress.algarabiacentrodedia.org.mx/wp-content/uploads/2021/01/MAZ21_1000-2-768x511.png 768w" sizes="(max-width: 1000px) 100vw, 1000px" /></figure></div>

<p>1. Porque son seres humanos como nosotros: sienten, tienen anhelos, necesitan amar y ser amados, requieren ser respetados y sentirse productivos y reconocidos, tienen derecho a tener una vida de calidad presente y futura como la tuya y la mía. 2. Porque son personas que pueden integrarse a la comunidad si les brindamos los apoyos que necesitan, si les tendemos &hellip; </p>
