{"id":113,"date":"2020-12-29T18:30:29","date_gmt":"2020-12-30T00:30:29","guid":{"rendered":"http:\/\/wordpress.algarabiacentrodedia.org.mx\/?page_id=113"},"modified":"2021-01-28T21:23:40","modified_gmt":"2021-01-29T03:23:40","slug":"programas","status":"publish","type":"page","link":"https:\/\/wordpress.algarabiacentrodedia.org.mx\/index.php\/programas\/","title":{"rendered":"Programas"},"content":{"rendered":"\n<p>FYAPDI AC cumple su misi\u00f3n llevando a cabo diversos programas que abarcan tres \u00e1mbitos: el directo con los j\u00f3venes y adultos con Discapacidad Intelectual (DI); el que trabaja con sus Familias; y el dirigido a la Sociedad, para sensibilizarla e incidir en las pol\u00edticas p\u00fablicas. As\u00ed, su modelo de trabajo tiene la forma de tres <span style=\"color:#21409a\" class=\"has-inline-color\"><strong>c\u00edrculos conc\u00e9ntricos<\/strong><\/span> encaminados hacia mejorar la calidad de vida y promover la inclusi\u00f3n social de los j\u00f3venes y adultos con discapacidad intelectual (DI)<\/p>\n\n\n\n<div class=\"wp-block-image\"><figure class=\"aligncenter size-large is-resized\"><img loading=\"lazy\" src=\"https:\/\/wordpress.algarabiacentrodedia.org.mx\/wp-content\/uploads\/2020\/12\/Circulos-Concentricos.png\" alt=\"\" class=\"wp-image-115\" width=\"741\" height=\"384\" srcset=\"https:\/\/wordpress.algarabiacentrodedia.org.mx\/wp-content\/uploads\/2020\/12\/Circulos-Concentricos.png 553w, https:\/\/wordpress.algarabiacentrodedia.org.mx\/wp-content\/uploads\/2020\/12\/Circulos-Concentricos-300x155.png 300w\" sizes=\"(max-width: 741px) 100vw, 741px\" \/><\/figure><\/div>\n\n\n\n<p>Los programas que tiene FYAPDI son cuatro:<\/p>\n\n\n\n<ul><li><strong><span style=\"color:#21409a\" class=\"has-inline-color\"><a href=\"https:\/\/wordpress.algarabiacentrodedia.org.mx\/index.php\/centro-de-desarrollo-integral\/\" data-type=\"page\" data-id=\"121\" target=\"_blank\" rel=\"noreferrer noopener\">El Centro de\u00a0Desarrollo\u00a0Integral<\/a><\/span><\/strong>\u00a0orientado hacia el trabajo directo con los j\u00f3venes y adultos con DI y Trastornos del Desarrollo, que abarca los servicios:\u00a0<em>Centro de d\u00eda, Centro Laboral, Hogar Sustituto y Apoyo a Ocio y Deportes.<\/em><\/li><li><strong><span style=\"color:#21409a\" class=\"has-inline-color\">E<a href=\"https:\/\/wordpress.algarabiacentrodedia.org.mx\/index.php\/apoyo-a-familias\/\" data-type=\"page\" data-id=\"123\" target=\"_blank\" rel=\"noreferrer noopener\">l\u00a0Apoyo a las familias<\/a><\/span><\/strong>,\u00a0que comprende los servicios C\u00edrculo de Apoyo a padres, Club de hermanos, Orientaci\u00f3n legal y Programa de Respiro<\/li><li><strong><span style=\"color:#21409a\" class=\"has-inline-color\"><a href=\"https:\/\/wordpress.algarabiacentrodedia.org.mx\/index.php\/sensibilizacion-de-la-sociedad\/\" data-type=\"page\" data-id=\"126\" target=\"_blank\" rel=\"noreferrer noopener\">La\u00a0Sensibilizaci\u00f3n de la Sociedad<\/a><\/span><\/strong>,\u00a0que comprende Talleres para empresas e instituciones educativas de diversos niveles y el programa de Inclusi\u00f3n Social del Centro de d\u00eda.<\/li><li><strong><span style=\"color:#21409a\" class=\"has-inline-color\"><a href=\"https:\/\/wordpress.algarabiacentrodedia.org.mx\/index.php\/incidencia-en-politicas-publicas\/\" data-type=\"page\" data-id=\"129\" target=\"_blank\" rel=\"noreferrer noopener\">La\u00a0Incidencia en Pol\u00edticas P\u00fablicas<\/a><\/span><\/strong>, en los niveles local, estatal y federal.<\/li><\/ul>\n\n\n\n<p>Los programas y sus impactos se presentan en el siguiente gr\u00e1fico:<\/p>\n\n\n\n<div class=\"wp-block-image\"><figure class=\"aligncenter size-large\"><img loading=\"lazy\" width=\"1024\" height=\"724\" src=\"https:\/\/wordpress.algarabiacentrodedia.org.mx\/wp-content\/uploads\/2020\/12\/Programas-e-Impacto-1024x724.jpg\" alt=\"\" class=\"wp-image-117\" srcset=\"https:\/\/wordpress.algarabiacentrodedia.org.mx\/wp-content\/uploads\/2020\/12\/Programas-e-Impacto-1024x724.jpg 1024w, https:\/\/wordpress.algarabiacentrodedia.org.mx\/wp-content\/uploads\/2020\/12\/Programas-e-Impacto-300x212.jpg 300w, https:\/\/wordpress.algarabiacentrodedia.org.mx\/wp-content\/uploads\/2020\/12\/Programas-e-Impacto-768x543.jpg 768w, https:\/\/wordpress.algarabiacentrodedia.org.mx\/wp-content\/uploads\/2020\/12\/Programas-e-Impacto.jpg 1349w\" sizes=\"(max-width: 1024px) 100vw, 1024px\" \/><\/figure><\/div>\n","protected":false},"excerpt":{"rendered":"<p>FYAPDI AC cumple su misi\u00f3n llevando a cabo diversos programas que abarcan tres \u00e1mbitos: el directo con los j\u00f3venes y adultos con Discapacidad Intelectual (DI); el que trabaja con sus Familias; y el dirigido a la Sociedad, para sensibilizarla e incidir en las pol\u00edticas p\u00fablicas. As\u00ed, su modelo de trabajo tiene la forma de tres c\u00edrculos conc\u00e9ntricos encaminados hacia mejorar &hellip; <\/p>\n","protected":false},"author":1,"featured_media":0,"parent":0,"menu_order":0,"comment_status":"closed","ping_status":"closed","template":"","meta":{"spay_email":""},"_links":{"self":[{"href":"https:\/\/wordpress.algarabiacentrodedia.org.mx\/index.php\/wp-json\/wp\/v2\/pages\/113"}],"collection":[{"href":"https:\/\/wordpress.algarabiacentrodedia.org.mx\/index.php\/wp-json\/wp\/v2\/pages"}],"about":[{"href":"https:\/\/wordpress.algarabiacentrodedia.org.mx\/index.php\/wp-json\/wp\/v2\/types\/page"}],"author":[{"embeddable":true,"href":"https:\/\/wordpress.algarabiacentrodedia.org.mx\/index.php\/wp-json\/wp\/v2\/users\/1"}],"replies":[{"embeddable":true,"href":"https:\/\/wordpress.algarabiacentrodedia.org.mx\/index.php\/wp-json\/wp\/v2\/comments?post=113"}],"version-history":[{"count":5,"href":"https:\/\/wordpress.algarabiacentrodedia.org.mx\/index.php\/wp-json\/wp\/v2\/pages\/113\/revisions"}],"predecessor-version":[{"id":440,"href":"https:\/\/wordpress.algarabiacentrodedia.org.mx\/index.php\/wp-json\/wp\/v2\/pages\/113\/revisions\/440"}],"wp:attachment":[{"href":"https:\/\/wordpress.algarabiacentrodedia.org.mx\/index.php\/wp-json\/wp\/v2\/media?parent=113"}],"curies":[{"name":"wp","href":"https:\/\/api.w.org\/{rel}","templated":true}]}}