{"id":126,"date":"2020-12-29T18:47:53","date_gmt":"2020-12-30T00:47:53","guid":{"rendered":"http:\/\/wordpress.algarabiacentrodedia.org.mx\/?page_id=126"},"modified":"2021-01-28T21:27:32","modified_gmt":"2021-01-29T03:27:32","slug":"sensibilizacion-de-la-sociedad","status":"publish","type":"page","link":"https:\/\/wordpress.algarabiacentrodedia.org.mx\/index.php\/sensibilizacion-de-la-sociedad\/","title":{"rendered":"Sensibilizaci\u00f3n de la Sociedad"},"content":{"rendered":"\n<p><strong><em><span style=\"color:#f57f26\" class=\"has-inline-color\">Objetivo General<\/span><\/em><\/strong><\/p>\n\n\n\n<p>Brindar a las PcDI y TD apoyos y oportunidades de inclusi\u00f3n a una comunidad justa y solidaria, que reconoce y promueve sus derechos como humanos y ciudadanos.<\/p>\n\n\n\n<p><strong><em><span style=\"color:#f57f26\" class=\"has-inline-color\">Objetivos Espec\u00edficos<\/span><\/em><\/strong><\/p>\n\n\n\n<ul><li>Contribuir a construir una sociedad justa, incluyente y sensible.<\/li><li>Fomentar la visibilidad de las PcDI y TD.<\/li><li>Promover la accesibilidad de las PcDI y TD a servicios y espacios p\u00fablicos y privados.<\/li><li>Promover la integraci\u00f3n social.<\/li><\/ul>\n\n\n\n<p><strong><span style=\"color:#9ccb3b\" class=\"has-inline-color\">Servicios de Sensibilizaci\u00f3n<\/span><\/strong><\/p>\n\n\n\n<p><span style=\"color:#f57f26\" class=\"has-inline-color\"><strong>Eje informativo y de concientizaci\u00f3n.<\/strong><\/span> Charlas, conferencias y foros, as\u00ed como la difusi\u00f3n de un bolet\u00edn informativo bimestral, todos con el objetivo de informar sobre el tema de la discapacidad y desmentir los mitos y paradigmas en torno a \u00e9sta.<\/p>\n\n\n\n<p><span style=\"color:#f57f26\" class=\"has-inline-color\"><strong>Eje de sensibilizaci\u00f3n.<\/strong><\/span> Talleres para empresas e instituciones educativas. En los que los participantes se acercan a la realidad de las Personas con Discapacidad Intelectual y Trastornos del Desarrollo. Eje de vinculaci\u00f3n. Que propone establecer alianzas con organizaciones afines para concientizar, posicionar y visibilizar la causa.<\/p>\n","protected":false},"excerpt":{"rendered":"<p>Objetivo General Brindar a las PcDI y TD apoyos y oportunidades de inclusi\u00f3n a una comunidad justa y solidaria, que reconoce y promueve sus derechos como humanos y ciudadanos. Objetivos Espec\u00edficos Contribuir a construir una sociedad justa, incluyente y sensible. Fomentar la visibilidad de las PcDI y TD. Promover la accesibilidad de las PcDI y TD a servicios y espacios &hellip; <\/p>\n","protected":false},"author":1,"featured_media":0,"parent":0,"menu_order":0,"comment_status":"closed","ping_status":"closed","template":"","meta":{"spay_email":""},"_links":{"self":[{"href":"https:\/\/wordpress.algarabiacentrodedia.org.mx\/index.php\/wp-json\/wp\/v2\/pages\/126"}],"collection":[{"href":"https:\/\/wordpress.algarabiacentrodedia.org.mx\/index.php\/wp-json\/wp\/v2\/pages"}],"about":[{"href":"https:\/\/wordpress.algarabiacentrodedia.org.mx\/index.php\/wp-json\/wp\/v2\/types\/page"}],"author":[{"embeddable":true,"href":"https:\/\/wordpress.algarabiacentrodedia.org.mx\/index.php\/wp-json\/wp\/v2\/users\/1"}],"replies":[{"embeddable":true,"href":"https:\/\/wordpress.algarabiacentrodedia.org.mx\/index.php\/wp-json\/wp\/v2\/comments?post=126"}],"version-history":[{"count":3,"href":"https:\/\/wordpress.algarabiacentrodedia.org.mx\/index.php\/wp-json\/wp\/v2\/pages\/126\/revisions"}],"predecessor-version":[{"id":442,"href":"https:\/\/wordpress.algarabiacentrodedia.org.mx\/index.php\/wp-json\/wp\/v2\/pages\/126\/revisions\/442"}],"wp:attachment":[{"href":"https:\/\/wordpress.algarabiacentrodedia.org.mx\/index.php\/wp-json\/wp\/v2\/media?parent=126"}],"curies":[{"name":"wp","href":"https:\/\/api.w.org\/{rel}","templated":true}]}}