{"id":149,"date":"2021-01-01T18:04:06","date_gmt":"2021-01-02T00:04:06","guid":{"rendered":"http:\/\/wordpress.algarabiacentrodedia.org.mx\/?page_id=149"},"modified":"2021-01-28T21:20:46","modified_gmt":"2021-01-29T03:20:46","slug":"preguntas-frecuentes","status":"publish","type":"page","link":"https:\/\/wordpress.algarabiacentrodedia.org.mx\/index.php\/preguntas-frecuentes\/","title":{"rendered":"Preguntas Frecuentes"},"content":{"rendered":"\n<p><strong><span style=\"color:#9ccb3b\" class=\"has-inline-color\">\u00bfEs lo mismo el retraso mental que la discapacidad intelectual?<\/span><\/strong><\/p>\n\n\n\n<p>No, no es lo mismo, el retraso mental era el concepto que se utilizaba para categorizar a las personas con discapacidad intelectual, pero se ha dejado porque su significado es peyorativo, esto es, de desprecio y devaluaci\u00f3n. En M\u00e9xico una de las mayores ofensas es decir que \u201cpareces retrasado mental\u201d.<\/p>\n\n\n\n<p><strong><span style=\"color:#9ccb3b\" class=\"has-inline-color\">\u00bfQu\u00e9 diferencia hay entre llamarlas discapacitadas, Personas Especiales o Personas con Discapacidad?<\/span><\/strong><\/p>\n\n\n\n<p>Decirle a una persona que es \u201cdiscapacitada\u201d es visualizarla desde sus limitaciones, con una mirada totalizadora (que no tiene ninguna capacidad), es identificar y anteponer su persona por una caracter\u00edstica, por una situaci\u00f3n o aspecto. Llamarlas \u201cpersonal especiales\u201d tiene la connotaci\u00f3n de la exclusi\u00f3n, de pensarlas como personas con necesidades muy diferentes a las del resto. Llamarlas \u201cpersonas con discapacidad\u201d demuestra que la ves ante todo como persona, y que una de sus caracter\u00edsticas es tener discapacidad.<\/p>\n\n\n\n<p><strong><span style=\"color:#9ccb3b\" class=\"has-inline-color\">\u00bfQu\u00e9 NO es la discapacidad intelectual?<\/span><\/strong><\/p>\n\n\n\n<ul><li>NO es ser tonto<\/li><li>NO es estar loco<\/li><li>NO es persona que no&nbsp;siente<\/li><li>NO es una persona que no quiere saber nada de los dem\u00e1s<\/li><li>NO es una persona que vive en su mundo aparte<\/li><li>NO es siempre un ni\u00f1o<\/li><li>NO es un \u00e1ngel<\/li><li>NO es alguien al que hay que temer.<\/li><\/ul>\n\n\n\n<p><strong><span style=\"color:#9ccb3b\" class=\"has-inline-color\">\u00bfCu\u00e1les son las causas de la discapacidad intelectual?<\/span><\/strong><\/p>\n\n\n\n<p>La discapacidad intelectual afecta alrededor del 1 al 3% de la poblaci\u00f3n. Existen muchas causas de discapacidad intelectual:<\/p>\n\n\n\n<ul><li>Infecciones (presentes al nacer o que ocurren despu\u00e9s del nacimiento)<\/li><li>Anomal\u00edas cromos\u00f3micas (como el s\u00edndrome de Down)<\/li><li>Ambientales (por contaminantes)<\/li><li>Metab\u00f3licas (por ejemplo, niveles muy altos de bilirrubina en los beb\u00e9s)<\/li><li>Nutricionales (por ejemplo, desnutrici\u00f3n)<\/li><li>T\u00f3xicas (alcohol, coca\u00edna, anfetaminas y otras drogas)<\/li><li>Traumatismos (antes y despu\u00e9s del nacimiento)<\/li><li>Inexplicables (es la categor\u00eda m\u00e1s grande y abarca casos inexplicables de discapacidad intelectual)<\/li><\/ul>\n\n\n\n<p><strong><span style=\"color:#9ccb3b\" class=\"has-inline-color\">\u00bfLa discapacidad intelectual se cura?<\/span><\/strong><\/p>\n\n\n\n<p>No, porque no es una enfermedad. Es una forma de funcionar.<\/p>\n\n\n\n<p><strong><span style=\"color:#9ccb3b\" class=\"has-inline-color\">\u00bfLas Personas con discapacidad intelectual son agresivas y violentas?<\/span><\/strong><\/p>\n\n\n\n<p>Esta creencia es muy generalizada y es una de las principales barreras que enfrentan las personas con DI al intentar la interacci\u00f3n con otras personas. Las personas con DI se pueden mostrar violentas si se perciben amenazadas o si son violentadas.<\/p>\n\n\n\n<p><strong><span style=\"color:#9ccb3b\" class=\"has-inline-color\">\u00bfLas Personas con discapacidad intelectual severa pueden tener una vida normal?<\/span><\/strong><\/p>\n\n\n\n<p>Como cualquier otra persona, la que tiene DI puede tener una vida de calidad (teniendo los apoyos que necesita): disfrutar de amistades, desarrollarse como joven o adulto integrado a la sociedad, hacer uso de los servicios de la comunidad, practicar deportes, tener atenci\u00f3n en su salud, ser econ\u00f3micamente productiva, mejorar su autoestima, tomar decisiones de su vida, tener una vivienda digna\u2026. Si la sociedad derriba las barreras que construye para excluir a las personas con DI, basadas principalmente por falsas creencias o prejuicios, ellas podr\u00e1n tener una vida similar a la de los dem\u00e1s.<\/p>\n\n\n\n<p><strong><span style=\"color:#9ccb3b\" class=\"has-inline-color\">\u00bfCualquier persona puede adquirir alguna discapacidad intelectual tras una enfermedad o accidente?<\/span><\/strong><\/p>\n\n\n\n<p>Depende del tipo de enfermedad o accidente. (Ver \u00bfCu\u00e1les son las causas de la DI?)<\/p>\n\n\n\n<p><strong><span style=\"color:#9ccb3b\" class=\"has-inline-color\">\u00bfCu\u00e1l puede ser el futuro de un adulto con una discapacidad intelectual severa?<\/span><\/strong><\/p>\n\n\n\n<p>Si recibe apoyos, puede tener una vida de calidad, con bienestar f\u00edsico, emocional y material, con amigos, ser incluido en las actividades de la comunidad, trabajando por el respeto a sus Derechos y tomando las riendas de su vida. Si no trabajamos con ellos para mejorar su calidad de vida actual y futura, podr\u00edan estar recluidos en su casa (sin interacci\u00f3n social), como paciente de un hospital psiqui\u00e1trico, en la calle como mendigos, o como parte de alg\u00fan grupo delincuencial.<\/p>\n\n\n\n<p><strong><span style=\"color:#9ccb3b\" class=\"has-inline-color\">\u00bfPor qu\u00e9 muchas de las parejas que tienen un hijo con discapacidad intelectual severa se separan o divorcian?<\/span><\/strong><\/p>\n\n\n\n<p>Al llegar un miembro con discapacidad intelectual a una familia, la din\u00e1mica se ve modificada sustancialmente, y los roles y funciones de los padres y hermanos pueden ampliarse o especializarse. Esto implica trabajo conjunto y desarrollo en la madurez de las personas, pero no siempre sucede as\u00ed, y las nuevas tareas y roles son comprendidos de diversa forma y terminan separando a las parejas.<\/p>\n\n\n\n<p><strong><span style=\"color:#9ccb3b\" class=\"has-inline-color\">\u00bfLas Personas con discapacidad intelectual siguen siendo ni\u00f1os?<\/span><\/strong><\/p>\n\n\n\n<p>No. Esta es una de las creencias m\u00e1s generalizadas y que causan gran da\u00f1o a la persona con DI, pues ser considerado ni\u00f1o significa que la persona con DI es incapaz totalmente de asumir el control de su vida y que se tienen que tomar todas las decisiones en su lugar. Eternizar la ni\u00f1ez de la persona con DI es buscar seguir someti\u00e9ndolos a nuestras decisiones, es colocarles \u201cun techo\u201d creyendo que no son capaces de desarrollarse y madurar.<\/p>\n\n\n\n<p><strong><span style=\"color:#9ccb3b\" class=\"has-inline-color\">\u00bfQu\u00e9 puedo hacer para apoyar la autonom\u00eda de una Persona con discapacidad intelectual?<\/span><\/strong><\/p>\n\n\n\n<ul><li>Cree sinceramente que es una persona valiosa, como t\u00fa.<\/li><li>No simules que no lo ves, no es invisible.<\/li><li>&nbsp;No hagas lo que \u00e9l o ella podr\u00edan hacer por s\u00ed mismos.<\/li><li>H\u00e1blale con respeto y claridad, no uses lenguajes de beb\u00e9 para comunicarte con ellos.<\/li><li>Mu\u00e9strale c\u00f3mo aprender, con preguntas muy concretas que lo inviten a encontrar sus propias respuestas<\/li><li>Expl\u00edcale lo que sucede o hay en el entorno, percibe mucho m\u00e1s de lo que crees.<\/li><li>Ofr\u00e9cele oportunidades continuas para que exprese sus deseos&nbsp; y tome decisiones<\/li><\/ul>\n\n\n\n<p><strong><span style=\"color:#9ccb3b\" class=\"has-inline-color\">\u00bfQu\u00e9 puede ense\u00f1arme una Persona con discapacidad intelectual?<\/span><\/strong><\/p>\n\n\n\n<ul><li>Mostrarte un ritmo nuevo, una mirada nueva de ver y disfrutar la vida.<\/li><li>Desarrollar en ti el don de la alegr\u00eda en lo peque\u00f1o, en los logros peque\u00f1os\u2026<\/li><li>&nbsp;Ense\u00f1arte a descubrir lo que hay en lo concreto y real, en lugar de vivir en la fantas\u00eda de lo que deber\u00eda ser.<\/li><li>&nbsp;Mostrarte c\u00f3mo se nutre una relaci\u00f3n de amor en su esencia m\u00e1s pura, m\u00e1s b\u00e1sica, sin distractores intelectuales o interpretativos.<\/li><li>Te puede ense\u00f1ar a querer sin condiciones.<\/li><\/ul>\n","protected":false},"excerpt":{"rendered":"<p>\u00bfEs lo mismo el retraso mental que la discapacidad intelectual? No, no es lo mismo, el retraso mental era el concepto que se utilizaba para categorizar a las personas con discapacidad intelectual, pero se ha dejado porque su significado es peyorativo, esto es, de desprecio y devaluaci\u00f3n. En M\u00e9xico una de las mayores ofensas es decir que \u201cpareces retrasado mental\u201d. &hellip; <\/p>\n","protected":false},"author":1,"featured_media":0,"parent":0,"menu_order":0,"comment_status":"closed","ping_status":"closed","template":"","meta":{"spay_email":""},"_links":{"self":[{"href":"https:\/\/wordpress.algarabiacentrodedia.org.mx\/index.php\/wp-json\/wp\/v2\/pages\/149"}],"collection":[{"href":"https:\/\/wordpress.algarabiacentrodedia.org.mx\/index.php\/wp-json\/wp\/v2\/pages"}],"about":[{"href":"https:\/\/wordpress.algarabiacentrodedia.org.mx\/index.php\/wp-json\/wp\/v2\/types\/page"}],"author":[{"embeddable":true,"href":"https:\/\/wordpress.algarabiacentrodedia.org.mx\/index.php\/wp-json\/wp\/v2\/users\/1"}],"replies":[{"embeddable":true,"href":"https:\/\/wordpress.algarabiacentrodedia.org.mx\/index.php\/wp-json\/wp\/v2\/comments?post=149"}],"version-history":[{"count":3,"href":"https:\/\/wordpress.algarabiacentrodedia.org.mx\/index.php\/wp-json\/wp\/v2\/pages\/149\/revisions"}],"predecessor-version":[{"id":438,"href":"https:\/\/wordpress.algarabiacentrodedia.org.mx\/index.php\/wp-json\/wp\/v2\/pages\/149\/revisions\/438"}],"wp:attachment":[{"href":"https:\/\/wordpress.algarabiacentrodedia.org.mx\/index.php\/wp-json\/wp\/v2\/media?parent=149"}],"curies":[{"name":"wp","href":"https:\/\/api.w.org\/{rel}","templated":true}]}}