{"id":269,"date":"2021-01-27T17:25:46","date_gmt":"2021-01-27T23:25:46","guid":{"rendered":"http:\/\/wordpress.algarabiacentrodedia.org.mx\/?page_id=269"},"modified":"2021-10-11T11:38:52","modified_gmt":"2021-10-11T17:38:52","slug":"arlette-flores","status":"publish","type":"page","link":"https:\/\/wordpress.algarabiacentrodedia.org.mx\/index.php\/arlette-flores\/","title":{"rendered":"Arlette Flores"},"content":{"rendered":"\n<figure class=\"wp-container-2 wp-block-gallery-1 wp-block-gallery aligncenter columns-2 is-cropped\"><ul class=\"blocks-gallery-grid\"><li class=\"blocks-gallery-item\"><figure><img loading=\"lazy\" width=\"1024\" height=\"1024\" src=\"https:\/\/wordpress.algarabiacentrodedia.org.mx\/wp-content\/uploads\/2021\/10\/Arlette-Flores-1024x1024.png\" alt=\"\" data-id=\"496\" data-full-url=\"https:\/\/wordpress.algarabiacentrodedia.org.mx\/wp-content\/uploads\/2021\/10\/Arlette-Flores.png\" data-link=\"https:\/\/wordpress.algarabiacentrodedia.org.mx\/index.php\/arlette-flores\/arlette-flores-2\/\" class=\"wp-image-496\" srcset=\"https:\/\/wordpress.algarabiacentrodedia.org.mx\/wp-content\/uploads\/2021\/10\/Arlette-Flores-1024x1024.png 1024w, https:\/\/wordpress.algarabiacentrodedia.org.mx\/wp-content\/uploads\/2021\/10\/Arlette-Flores-300x300.png 300w, https:\/\/wordpress.algarabiacentrodedia.org.mx\/wp-content\/uploads\/2021\/10\/Arlette-Flores-150x150.png 150w, https:\/\/wordpress.algarabiacentrodedia.org.mx\/wp-content\/uploads\/2021\/10\/Arlette-Flores-768x768.png 768w, https:\/\/wordpress.algarabiacentrodedia.org.mx\/wp-content\/uploads\/2021\/10\/Arlette-Flores-275x275.png 275w, https:\/\/wordpress.algarabiacentrodedia.org.mx\/wp-content\/uploads\/2021\/10\/Arlette-Flores-75x75.png 75w, https:\/\/wordpress.algarabiacentrodedia.org.mx\/wp-content\/uploads\/2021\/10\/Arlette-Flores.png 1080w\" sizes=\"(max-width: 1024px) 100vw, 1024px\" \/><\/figure><\/li><li class=\"blocks-gallery-item\"><figure><img loading=\"lazy\" width=\"334\" height=\"341\" src=\"https:\/\/wordpress.algarabiacentrodedia.org.mx\/wp-content\/uploads\/2021\/01\/algarabia-3.png\" alt=\"\" data-id=\"270\" data-full-url=\"https:\/\/wordpress.algarabiacentrodedia.org.mx\/wp-content\/uploads\/2021\/01\/algarabia-3.png\" data-link=\"https:\/\/wordpress.algarabiacentrodedia.org.mx\/?attachment_id=270\" class=\"wp-image-270\" srcset=\"https:\/\/wordpress.algarabiacentrodedia.org.mx\/wp-content\/uploads\/2021\/01\/algarabia-3.png 334w, https:\/\/wordpress.algarabiacentrodedia.org.mx\/wp-content\/uploads\/2021\/01\/algarabia-3-294x300.png 294w\" sizes=\"(max-width: 334px) 100vw, 334px\" \/><\/figure><\/li><\/ul><\/figure>\n\n\n\n<p>\u00a1Hola! Soy Karen Arlette Flores Guizar, tengo 41 a\u00f1os, soy Tapat\u00eda de nacimiento pero llevo sangre chilanga corriendo por mis venas y me gusta que me llamen por mi segundo nombre, simplemente Arlette. <\/p>\n\n\n\n<p>Llevo 4 a\u00f1os  participando, aprendiendo y compartiendo la labor de Algarab\u00eda, estoy como encargada de Vinculaci\u00f3n, comunicaci\u00f3n y Mercadotecnia, realizo el dise\u00f1o de contenidos para redes sociales, dise\u00f1o y mantenimiento de la p\u00e1gina web, fot\u00f3grafa ocasional, un poco de soporte t\u00e9cnico de equipos y programas de office, la vinculaci\u00f3n con instituciones educativas para el Servicio Social y Pr\u00e1cticas Profesionales, y voluntarios; auxiliar en algunas salidas a la comunidad, registro y control del proyecto productivo de jaboner\u00eda artesanal PANDO en apoyo a la inclusi\u00f3n laboral de Personas con discapacidad, apoyo en general en el dise\u00f1o y estrategias para la comunicaci\u00f3n interna y externa, y, ocasionalmente representaci\u00f3n de Algarab\u00eda en Programas de radio y cuando se requiere presentar la causa. <\/p>\n\n\n\n<p>Mi incursi\u00f3n en el mundo de la discapacidad intelectual se dio dentro del \u00e1mbito personal familiar un 4 de julio de 1990 cuando lleg\u00f3 a mi vida mi hermano menor, Rodrigo con discapacidad intelectual; con el tiempo en el \u00e1mbito profesional tambi\u00e9n estuve trabajando de cerca a la discapacidad en un Colegio con un programa de inclusi\u00f3n acad\u00e9mica, en el que tuve la oportunidad de conocer a ni\u00f1os y adolescentes sumamente inteligentes y talentosos con alguna condici\u00f3n de discapacidad f\u00edsica e intelectual, con muy buenos resultados de desarrollo integral personal e inclusi\u00f3n. <\/p>\n\n\n\n<p>La raz\u00f3n por la que estoy en Algarab\u00eda es precisamente a esos dos acercamientos, primero mi hermano, pues yo estaba buscando un espacio en el que \u00e9l pudiera desarrollar todo su potencial, por azares del destino di con Algarab\u00eda, que adem\u00e1s hab\u00eda sido la Asociaci\u00f3n precursora de un proyecto llamado CAVIDA hoy CEAMIVIDA, en el que mi hermano ya hab\u00eda participado y en el que despu\u00e9s de muchos lugares hab\u00eda sido el mejor en el que hab\u00eda estado, y que adem\u00e1s, hab\u00eda sido impulsado por una maestra conocida de una gran amiga, La maestra Cuquita, Mar\u00eda del Refugio Coronado Gallardo, con el tiempo y por cuestiones familiares mi hermano no hab\u00eda hecho el proceso de ingreso, pero la Asociaci\u00f3n solicit\u00f3 personal y me postul\u00e9 para trabajar ah\u00ed&#8230; y me aceptaron. <\/p>\n\n\n\n<p>Lo que agradezco profundamente, pues me identifico con la causa espec\u00edfica de la Asociaci\u00f3n, fomentar la autodoterminaci\u00f3n de j\u00f3venes y adultos con discapacidad intelectual en base a la Convenci\u00f3n Internacional de los Derechos de las personas con discapacidad, respet\u00e1ndolos desde su esencia humana, antes que su situaci\u00f3n o condici\u00f3n espec\u00edfica de discapacidad; porque me encanta y me identifico con el equipo de trabajo desde la pasi\u00f3n y vocaci\u00f3n por una causa com\u00fan y el trabajo colaborativo y, sobre todo, porque he encontrado crecimiento y apoyo personal, verdaderos amigos en compa\u00f1eros, jefes, aliados y sobre todo en los usuarios. <\/p>\n\n\n\n<p>Lo que me han recordado y ense\u00f1ado las personas con discapacidad intelectual es:<\/p>\n\n\n\n<blockquote class=\"wp-block-quote\"><p>&#8220;La capacidad de asombro, el amor incondicional a la vida y mucha fortaleza, lo que verdaderamente importa en la vida&#8221;<\/p><cite>Arlette<\/cite><\/blockquote>\n\n\n\n<p>As\u00ed es que, lo mejor que puedes hacer al compartir tiempo con alguien con discapacidad es dej\u00e1ndote sorprender por su maravillosa fuerza vital para apreciar la vida, ac\u00e9rcate a ellos, h\u00e1blales con respeto y dignidad, observa con atenci\u00f3n y espera con paciencia lo que ellos quieren expresarte y, aprendeles, aprendeles todo lo que puedas.<\/p>\n","protected":false},"excerpt":{"rendered":"<p>\u00a1Hola! Soy Karen Arlette Flores Guizar, tengo 41 a\u00f1os, soy Tapat\u00eda de nacimiento pero llevo sangre chilanga corriendo por mis venas y me gusta que me llamen por mi segundo nombre, simplemente Arlette. Llevo 4 a\u00f1os participando, aprendiendo y compartiendo la labor de Algarab\u00eda, estoy como encargada de Vinculaci\u00f3n, comunicaci\u00f3n y Mercadotecnia, realizo el dise\u00f1o de contenidos para redes sociales, &hellip; <\/p>\n","protected":false},"author":1,"featured_media":0,"parent":0,"menu_order":0,"comment_status":"closed","ping_status":"closed","template":"","meta":{"spay_email":""},"_links":{"self":[{"href":"https:\/\/wordpress.algarabiacentrodedia.org.mx\/index.php\/wp-json\/wp\/v2\/pages\/269"}],"collection":[{"href":"https:\/\/wordpress.algarabiacentrodedia.org.mx\/index.php\/wp-json\/wp\/v2\/pages"}],"about":[{"href":"https:\/\/wordpress.algarabiacentrodedia.org.mx\/index.php\/wp-json\/wp\/v2\/types\/page"}],"author":[{"embeddable":true,"href":"https:\/\/wordpress.algarabiacentrodedia.org.mx\/index.php\/wp-json\/wp\/v2\/users\/1"}],"replies":[{"embeddable":true,"href":"https:\/\/wordpress.algarabiacentrodedia.org.mx\/index.php\/wp-json\/wp\/v2\/comments?post=269"}],"version-history":[{"count":5,"href":"https:\/\/wordpress.algarabiacentrodedia.org.mx\/index.php\/wp-json\/wp\/v2\/pages\/269\/revisions"}],"predecessor-version":[{"id":498,"href":"https:\/\/wordpress.algarabiacentrodedia.org.mx\/index.php\/wp-json\/wp\/v2\/pages\/269\/revisions\/498"}],"wp:attachment":[{"href":"https:\/\/wordpress.algarabiacentrodedia.org.mx\/index.php\/wp-json\/wp\/v2\/media?parent=269"}],"curies":[{"name":"wp","href":"https:\/\/api.w.org\/{rel}","templated":true}]}}