{"id":310,"date":"2021-01-27T17:55:53","date_gmt":"2021-01-27T23:55:53","guid":{"rendered":"http:\/\/wordpress.algarabiacentrodedia.org.mx\/?page_id=310"},"modified":"2021-01-28T19:15:05","modified_gmt":"2021-01-29T01:15:05","slug":"jose-manuel-mata","status":"publish","type":"page","link":"https:\/\/wordpress.algarabiacentrodedia.org.mx\/index.php\/jose-manuel-mata\/","title":{"rendered":"Jos\u00e9 Manuel Mata"},"content":{"rendered":"\n<figure class=\"wp-container-2 wp-block-gallery-1 wp-block-gallery aligncenter columns-2 is-cropped\"><ul class=\"blocks-gallery-grid\"><li class=\"blocks-gallery-item\"><figure><img loading=\"lazy\" width=\"645\" height=\"642\" src=\"https:\/\/wordpress.algarabiacentrodedia.org.mx\/wp-content\/uploads\/2021\/01\/Chema.png\" alt=\"\" data-id=\"312\" data-full-url=\"https:\/\/wordpress.algarabiacentrodedia.org.mx\/wp-content\/uploads\/2021\/01\/Chema.png\" data-link=\"https:\/\/wordpress.algarabiacentrodedia.org.mx\/?attachment_id=312\" class=\"wp-image-312\" srcset=\"https:\/\/wordpress.algarabiacentrodedia.org.mx\/wp-content\/uploads\/2021\/01\/Chema.png 645w, https:\/\/wordpress.algarabiacentrodedia.org.mx\/wp-content\/uploads\/2021\/01\/Chema-300x300.png 300w, https:\/\/wordpress.algarabiacentrodedia.org.mx\/wp-content\/uploads\/2021\/01\/Chema-150x150.png 150w, https:\/\/wordpress.algarabiacentrodedia.org.mx\/wp-content\/uploads\/2021\/01\/Chema-275x275.png 275w, https:\/\/wordpress.algarabiacentrodedia.org.mx\/wp-content\/uploads\/2021\/01\/Chema-75x75.png 75w\" sizes=\"(max-width: 645px) 100vw, 645px\" \/><\/figure><\/li><li class=\"blocks-gallery-item\"><figure><img loading=\"lazy\" width=\"334\" height=\"341\" src=\"https:\/\/wordpress.algarabiacentrodedia.org.mx\/wp-content\/uploads\/2021\/01\/algarabia-13.png\" alt=\"\" data-id=\"311\" data-full-url=\"https:\/\/wordpress.algarabiacentrodedia.org.mx\/wp-content\/uploads\/2021\/01\/algarabia-13.png\" data-link=\"https:\/\/wordpress.algarabiacentrodedia.org.mx\/?attachment_id=311\" class=\"wp-image-311\" srcset=\"https:\/\/wordpress.algarabiacentrodedia.org.mx\/wp-content\/uploads\/2021\/01\/algarabia-13.png 334w, https:\/\/wordpress.algarabiacentrodedia.org.mx\/wp-content\/uploads\/2021\/01\/algarabia-13-294x300.png 294w\" sizes=\"(max-width: 334px) 100vw, 334px\" \/><\/figure><\/li><\/ul><\/figure>\n\n\n\n<p>\u00a1Hola!, mi nombre es Jos\u00e9 Manuel Mata Guti\u00e9rrez, mejor conocido como Chema, tengo 29 a\u00f1os, soy de Guadalajara Jalisco y tengo ya 3 a\u00f1os participando del proyecto de Algarab\u00eda como auxiliar, con la principal funci\u00f3n de apoyar a usuarios y maestros durante los talleres y en los momentos de alimentos y el aseo personal. <\/p>\n\n\n\n<p>Mi acercamiento a la discapacidad se dio desde hace algunos a\u00f1os ya, pues tengo un primo con discapacidad intelectual y me gusta mucho convivir con \u00e9l, despu\u00e9s un compa\u00f1ero me cont\u00f3 sobre su labor en la Asociaci\u00f3n y la necesidad que ten\u00edan de cubrir un puesto de auxiliar y me encant\u00f3, por la misi\u00f3n y visi\u00f3n que tienen, y porque considero que hay muy pocos lugares que atienden a j\u00f3venes y adultos, ya que en la mayor\u00eda trabajan con ni\u00f1os. <\/p>\n\n\n\n<p>lo que he aprendido de la interacci\u00f3n con los j\u00f3venes y adultos con discapacidad intelectual de Algarab\u00eda es: <\/p>\n\n\n\n<blockquote class=\"wp-block-quote\"><p>&#8220;La felicidad y la motivaci\u00f3n en cualquier momento&#8221;<\/p><cite>Chema<\/cite><\/blockquote>\n\n\n\n<p>Y mi mejor consejo para interactuar con una Persona con discapacidad es justamente tratarla como una persona, no como alguien que est\u00e1 &#8220;enfermo&#8221;, que no lo est\u00e1, o que no entiende, porque si entienden, hablarle de sus gustos, de algo que disfrute mucho, tener una conversaci\u00f3n clara y objetiva. <\/p>\n","protected":false},"excerpt":{"rendered":"<p>\u00a1Hola!, mi nombre es Jos\u00e9 Manuel Mata Guti\u00e9rrez, mejor conocido como Chema, tengo 29 a\u00f1os, soy de Guadalajara Jalisco y tengo ya 3 a\u00f1os participando del proyecto de Algarab\u00eda como auxiliar, con la principal funci\u00f3n de apoyar a usuarios y maestros durante los talleres y en los momentos de alimentos y el aseo personal. Mi acercamiento a la discapacidad se &hellip; <\/p>\n","protected":false},"author":1,"featured_media":0,"parent":0,"menu_order":0,"comment_status":"closed","ping_status":"closed","template":"","meta":{"spay_email":""},"_links":{"self":[{"href":"https:\/\/wordpress.algarabiacentrodedia.org.mx\/index.php\/wp-json\/wp\/v2\/pages\/310"}],"collection":[{"href":"https:\/\/wordpress.algarabiacentrodedia.org.mx\/index.php\/wp-json\/wp\/v2\/pages"}],"about":[{"href":"https:\/\/wordpress.algarabiacentrodedia.org.mx\/index.php\/wp-json\/wp\/v2\/types\/page"}],"author":[{"embeddable":true,"href":"https:\/\/wordpress.algarabiacentrodedia.org.mx\/index.php\/wp-json\/wp\/v2\/users\/1"}],"replies":[{"embeddable":true,"href":"https:\/\/wordpress.algarabiacentrodedia.org.mx\/index.php\/wp-json\/wp\/v2\/comments?post=310"}],"version-history":[{"count":3,"href":"https:\/\/wordpress.algarabiacentrodedia.org.mx\/index.php\/wp-json\/wp\/v2\/pages\/310\/revisions"}],"predecessor-version":[{"id":323,"href":"https:\/\/wordpress.algarabiacentrodedia.org.mx\/index.php\/wp-json\/wp\/v2\/pages\/310\/revisions\/323"}],"wp:attachment":[{"href":"https:\/\/wordpress.algarabiacentrodedia.org.mx\/index.php\/wp-json\/wp\/v2\/media?parent=310"}],"curies":[{"name":"wp","href":"https:\/\/api.w.org\/{rel}","templated":true}]}}